{"id":1022,"date":"2020-01-02T01:46:09","date_gmt":"2020-01-02T00:46:09","guid":{"rendered":"https:\/\/manega.net\/?page_id=1022"},"modified":"2020-01-02T02:02:27","modified_gmt":"2020-01-02T01:02:27","slug":"les-signes-de-la-souris","status":"publish","type":"page","link":"https:\/\/manega.net\/index.php\/les-signes-de-la-souris\/","title":{"rendered":"Les signes de la souris"},"content":{"rendered":"<div id=\"pl-1022\"  class=\"panel-layout\" ><div id=\"pg-1022-0\"  class=\"panel-grid panel-no-style\" ><div id=\"pgc-1022-0-0\"  class=\"panel-grid-cell\" ><div id=\"panel-1022-0-0-0\" class=\"so-panel widget widget_sow-image panel-first-child\" data-index=\"0\" ><div\n\t\t\t\n\t\t\tclass=\"so-widget-sow-image so-widget-sow-image-default-334eeca80698-1022\"\n\t\t\t\n\t\t>\n\n<div class=\"sow-image-container\">\n\t\t<img loading=\"lazy\" decoding=\"async\" src=\"https:\/\/manega.net\/wp-content\/uploads\/2020\/01\/colonnes_souris.jpg\" width=\"563\" height=\"313\" srcset=\"https:\/\/manega.net\/wp-content\/uploads\/2020\/01\/colonnes_souris.jpg 563w, https:\/\/manega.net\/wp-content\/uploads\/2020\/01\/colonnes_souris-300x167.jpg 300w\" sizes=\"auto, (max-width: 563px) 100vw, 563px\" title=\"Colonnes \u00e0 Man\u00e9ga o\u00f9 sont incrust\u00e9s par des carreaux de pierre, les signes de la souris. Ces colonnes sont tr\u00e8s exploit\u00e9es et plusieurs touristes viennent pour tenter par eux-m\u00eames d\u2019en donner des interpr\u00e9tations.\" alt=\"\" \t\tclass=\"so-widget-image\"\/>\n\t<\/div>\n\n<h3 class=\"widget-title\">Colonnes \u00e0 Man\u00e9ga o\u00f9 sont incrust\u00e9s par des carreaux de pierre, les signes de la souris. Ces colonnes sont tr\u00e8s exploit\u00e9es et plusieurs touristes viennent pour tenter par eux-m\u00eames d\u2019en donner des interpr\u00e9tations.<\/h3><\/div><\/div><div id=\"panel-1022-0-0-1\" class=\"so-panel widget widget_sow-editor\" data-index=\"1\" ><div\n\t\t\t\n\t\t\tclass=\"so-widget-sow-editor so-widget-sow-editor-base\"\n\t\t\t\n\t\t>\n<div class=\"siteorigin-widget-tinymce textwidget\">\n\t<p>Le YONGR-BAGRE, en traduction litt\u00e9rale \"<strong>la mani\u00e8re de deviner par la Souris<\/strong>\" est une mani\u00e8re d\u2019interpr\u00e9ter l\u2019invisible.<\/p>\n<p>En Occident, malgr\u00e9 la d\u00e9couverte des sciences, malgr\u00e9 DESCARTES et l\u2019ordinateur pr\u00e9sent, l\u2019homme continue de croire qu\u2019il y a un myst\u00e8re \u00e0 toujours percer, parce qu'effectivement, plus la science avance par des d\u00e9couvertes, plus il s\u2019av\u00e8re et se r\u00e9v\u00e8le des zones d\u2019ombre. C\u2019est pour cela qu\u2019il continue d\u2019y persister des m\u00e9thodes, des modes pour interpr\u00e9ter l\u2019insondable. Nous y dec\u00e9lons en particulier la giromancie, la cartomacie, les marques de caf\u00e9 et surtout l\u2019astrologie. Un peu partout dans le monde, chaque peuple a ses m\u00e9thodes mystiques d\u2019investigation du monde pr\u00e9sent, pass\u00e9 \u00e0 venir et surtout le monde de l\u2019inconnu. En Afrique, particuli\u00e8rement au Burkina Faso, il existe plusieurs modes utilis\u00e9s par des hommes appel\u00e9s sur le plateau central particuli\u00e8rement de Man\u00e9ga les \" <strong>BAGBA<\/strong> \" ou \" <strong>DEVINS<\/strong> \". Il s\u2019agit pour le milieu de pr\u00eatres utilisant une science certes occulte pour les autres, mais exacte pour les int\u00e9ress\u00e9s. Sur le plateau central du Burkina Faso, outre les cauris qui sont utilis\u00e9es ou aussi le sable surtout utilis\u00e9 dans la r\u00e9gion de Fada N\u2019Gourma \u00e0 l\u2019Est ou autres m\u00e9thodes, il se r\u00e9pand les modes tels que l\u2019utilisation des cauris.<br \/>\nLe Devin jette ses cauris apr\u00e8s certaines incantations ou conventions pr\u00e9alables en fait d\u00e9termin\u00e9es depuis des si\u00e8cles et en fonction de la position des cauris, il dit l\u2019interpr\u00e9tation des ph\u00e9nom\u00e8nes en pr\u00e9sence pour lesquels consultation lui a \u00e9t\u00e9 demand\u00e9e.<\/p>\n<p>Chez les Moos\u00e9 du plateau central, il s\u2019est d\u00e9velopp\u00e9 d\u2019autres m\u00e9thodes. C\u2019est par exemple le \"<strong> KOOM-BAGRE<\/strong> \" ou m\u00e9thode de deviner par l\u2019eau. Il y a le \"<strong>PILIMPI-BAGRE<\/strong>\" ou m\u00e9thode de deviner par les papillons.<br \/>\nEn fait il s\u2019agit ici d\u2019une sorte de van utilis\u00e9 et pouvant entra\u00eener des effets indicateurs et interpr\u00e9tatifs de situations. Pour les situations graves telles que portant sur la mort, il y a des m\u00e9thodes qualifi\u00e9es aujourd\u2019hui de sorcellerie ; c\u2019est le cas de l\u2019interrogatoire rituel des cadavres. Ou d\u2019autres m\u00e9thodes telles que le SEONGO. Mais pour la vie courante, un mode de sondage ou d\u2019interpr\u00e9tation de l\u2019invisible est utilis\u00e9 surtout dans la r\u00e9gion Nord-Ouest de Ouagadougou ; sur une couverture allant jusqu\u2019\u00e0 une cinquantaine ou centaine de kilom\u00e8tres au Nord de Ouagadougou. C\u2019est le YONGR BAGRE ou mani\u00e8re de deviner par la souris.<\/p>\n<\/div>\n<\/div><\/div><div id=\"panel-1022-0-0-2\" class=\"so-panel widget widget_sow-editor panel-last-child\" data-index=\"2\" ><div\n\t\t\t\n\t\t\tclass=\"so-widget-sow-editor so-widget-sow-editor-base\"\n\t\t\t\n\t\t>\n<div class=\"siteorigin-widget-tinymce textwidget\">\n\t<h2 style=\"text-align: center;\"><strong>QUELQUES SIGNES ET LEUR EXPLICATION<\/strong><\/h2>\n<p><strong>&nbsp;<\/strong><\/p>\n<h2><img loading=\"lazy\" decoding=\"async\" class=\" wp-image-1040 alignleft\" style=\"font-size: 14.4px;\" src=\"https:\/\/manega.net\/wp-content\/uploads\/2020\/01\/ziid_wend.gif\" alt=\"\" width=\"200\" height=\"191\"\/><\/h2>\n<h3><strong>A ZIID WENDE (Dieu ZIDA)<\/strong><\/h3>\n<p>Pour ce signe bien vouloir se rapporter \u00e0 mon ouvrage, \"<strong> MANEGA, HISTOIRE ET MUSEE<\/strong> \". ZIDA a fait l\u2019objet de grands d\u00e9veloppements. Signalons que ZIDA est un interm\u00e9diaire entre Dieu et les Hommes. Certains le consid\u00e8rent comme Dieu. Mais pour la grande majorit\u00e9 c\u2019est l\u2019interm\u00e9diaire n\u00e9cessaire par lequel on passe pour atteindre Dieu. Le signe de ZIID WENDE est le signe de Dieu. C\u2019est la r\u00e9f\u00e9rence supr\u00eame. S\u2019adresser \u00e0 lui c\u2019est vraiment pour une situation d\u2019extr\u00eame gravit\u00e9.Notons que quand certains ne croient plus aux principes fondamentaux de l\u2019existence, si la souris passe sur ce signe c\u2019est pour rappeler \u00e0 l\u2019homme qu\u2019il ne doit pas oublier l\u2019existence d\u2019un cr\u00e9ateur supr\u00eame. Signalons que les sept points ou petits cercles qui entourent le disque repr\u00e9sentent des galettes n\u00e9cessaires \u00e0 la vie qu\u2019on trouvera de l\u2019autre c\u00f4t\u00e9 du monde.<\/p>\n<p>&nbsp;<\/p>\n<p>&nbsp;<\/p>\n<h3><strong>A ZIID WENDE PAGA TENGA (TINGA EPOUSE DE ZIDA)<\/strong><\/h3>\n<p><img loading=\"lazy\" decoding=\"async\" class=\" wp-image-1039 alignright\" style=\"font-size: 14.4px;\" src=\"https:\/\/manega.net\/wp-content\/uploads\/2020\/01\/ziid_paga_tenga.gif\" alt=\"\" width=\"201\" height=\"130\"\/><\/p>\n<p>Les Moos\u00e9 pensent que la terre est le compl\u00e9ment du ciel et que la terre est donc la femme de Dieu. Signalons que dans beaucoup de repr\u00e9sentations, Dieu est symbolis\u00e9 par le soleil et m\u00eame le soleil levant qui \u00e9claire mais qui ne br\u00fble pas. On estime donc du c\u00f4t\u00e9 pratique que la terre est l\u2019\u00e9pouse du soleil levant. Dans le cadre des signes de la souris, ce symbole de la femme de Dieu est une r\u00e9f\u00e9rence pour pouvoir atteindre plus facilement Dieu. On demandera \u00e0 la personne qui consulte de chercher un interm\u00e9diaire ou de prendre toutes les dispositions pour respecter la femme noble sinon l\u2019\u00e9pouse m\u00eame de Dieu pour pouvoir obtenir des gr\u00e2ces du Tout-puissant.<\/p>\n<p>&nbsp;<\/p>\n<p><img loading=\"lazy\" decoding=\"async\" width=\"150\" height=\"112\" class=\"size-full wp-image-1034 alignleft\" src=\"https:\/\/manega.net\/wp-content\/uploads\/2020\/01\/giegmde.gif\" alt=\"\"\/><\/p>\n<h3><strong>GIEGMDE (LION)<\/strong><\/h3>\n<p>Le lion est le symbole de la puissance. Sous l\u2019angle des signes de la souris c\u2019est l\u2019id\u00e9e d\u2019une puissance et d\u2019un pouvoir qui ne se partage pas. C\u2019est une puissance absolue.<\/p>\n<p>&nbsp;<\/p>\n<p>&nbsp;<\/p>\n<h3><strong>BIMBILGA (TERMITIERE)<img loading=\"lazy\" decoding=\"async\" class=\" wp-image-1041 alignright\" src=\"https:\/\/manega.net\/wp-content\/uploads\/2020\/01\/bimbilga.gif\" alt=\"\" width=\"203\" height=\"192\"\/><\/strong><\/h3>\n<p>En Moor\u00e9 on dit BIMBILGA ou aussi YAOORE, mais du c\u00f4t\u00e9 r\u00e9el le YAOORE est la termiti\u00e8re courante. Par contre le BIMBILGA est la termiti\u00e8re rousse, haute et puissante. Les termites du BIMBILGA d\u00e9truisent tout sur leur environnement m\u00eame les r\u00e9coltes des hommes par leur puissance. La devise du BIMBILGA est : \" La termiti\u00e8re qui construit avec force sans demander l\u2019aide ext\u00e9rieure \". En effet les termites construisent leur demeure sans chercher \u00e0 demander aux voisins de venir les aider pour porter le toit sur la case. C\u2019est le symbole des hommes ind\u00e9pendants et forts. Par contre la termiti\u00e8re classique (YAOORE) est l\u2019id\u00e9e de la soci\u00e9t\u00e9, mais une soci\u00e9t\u00e9 en construction, c\u2019est cela m\u00eame qui fut notre devise, \u2018si la termiti\u00e8re vit, qu\u2019elle rajoute de la terre \u00e0 la terre. Il faut avoir \u00e0 l\u2019id\u00e9e quand il y a BIMBILGA ou YAOORE, il faut avoir \u00e0 l\u2019id\u00e9e les deux sens. C\u2019est en fonction seulement du contexte qu\u2019on prendra l\u2019id\u00e9e soci\u00e9t\u00e9 \u00e0 construire ou l\u2019id\u00e9e d\u2019autonomie et d\u2019ind\u00e9pendance.<\/p>\n<p>&nbsp;<\/p>\n<p>&nbsp;<\/p>\n<h3><strong><img loading=\"lazy\" decoding=\"async\" class=\" wp-image-1038 alignleft\" src=\"https:\/\/manega.net\/wp-content\/uploads\/2020\/01\/sotiis.gif\" alt=\"\" width=\"204\" height=\"136\"\/>SOTIIS (CARREFOUR)<\/strong><\/h3>\n<p>L\u2019id\u00e9e de SOTIIS c\u2019est plusieurs sentiers qui se rencontrent. C\u2019est l\u2019id\u00e9e de convergence de faits et ph\u00e9nom\u00e8nes. C\u2019est \u00e9galement le lieu o\u00f9 on doit se trouver pour approcher, toucher, contacter plusieurs r\u00e9alit\u00e9s et \u00e0 la fois. Certains sacrifices peuvent \u00eatre simplifi\u00e9s en se faisant \u00e0 un carrefour plut\u00f4t que de s\u2019adresser \u00e0 plusieurs divinit\u00e9s avec autant d\u2019\u00e9l\u00e9ments \u00e0 la fois. Le SOTIIS suppose une convergence de plusieurs faits.<\/p>\n<p>&nbsp;<\/p>\n<p>&nbsp;<\/p>\n<h3><strong>KISSIGRE (ENCLUME)<img loading=\"lazy\" decoding=\"async\" class=\" wp-image-1035 alignright\" src=\"https:\/\/manega.net\/wp-content\/uploads\/2020\/01\/kissiigre.gif\" alt=\"\" width=\"212\" height=\"99\"\/><\/strong><\/h3>\n<p>L\u2019 \"ENCLUME\" est le symbole des forgerons. C\u2019est le chef de file des artisans. Dans le cas des consultations le KISSIGRE suppose le travail \u00e0 la main, c\u2019est-\u00e0-dire l\u2019implication directe de la personne dans la vie active. Mais le forgeron est consid\u00e9r\u00e9 dans certains milieux comme le \u2018WEMBA\u2019c\u2019est-\u00e0-dire le Ministre charg\u00e9 du droit de gr\u00e2ce. C\u2019est le forgeron qui fait les rituels par exemple pour permettre \u00e0 certains dignitaires d\u2019aller dans l\u2019Au-Del\u00e0 et d\u2019\u00eatre re\u00e7us convenablement par leurs anc\u00eatres. En cas de foudre ou en cas de situation d\u00e9sesp\u00e9r\u00e9e (un homme qui veut attenter \u00e0 sa propre vie suite \u00e0 un d\u00e9couragement) on s\u2019adresse au forgeron. Donc l\u2019ENCLUME est le signe aussi de la n\u00e9cessit\u00e9 de pardon. Devant un roi ou une situation autoritaire, si la souris passe devant ce signe, c\u2019est pour demander que le consultant ou la personne pour laquelle il est venu soit magnanime.<\/p>\n<p>&nbsp;<\/p>\n<h3><strong><img loading=\"lazy\" decoding=\"async\" class=\" wp-image-1037 alignleft\" src=\"https:\/\/manega.net\/wp-content\/uploads\/2020\/01\/neda.gif\" alt=\"\" width=\"99\" height=\"127\"\/>NEDA (UNE PERSONNE)<\/strong><\/h3>\n<p>C\u2019est le symbole d\u2019un homme, d\u2019une femme, c\u2019est-\u00e0-dire l\u2019homme vivant. Il faut donc prendre l\u2019homme en consultation mais ce symbole peut avoir multiple interpr\u00e9tations. Il se peut que ce soit un homme devant la vie de la personne qui consulte ou une femme, une personne \u00e0 m\u00eame d\u2019agir sur la vie de la personne pour laquelle consultation a \u00e9t\u00e9 demand\u00e9e.<\/p>\n<p>&nbsp;<\/p>\n<p>&nbsp;<\/p>\n<h3><strong>KOUN-MIOUGOU (MORT SANG)<img loading=\"lazy\" decoding=\"async\" width=\"145\" height=\"146\" class=\"size-full wp-image-1036 alignright\" src=\"https:\/\/manega.net\/wp-content\/uploads\/2020\/01\/kumiuugu.gif\" alt=\"\" srcset=\"https:\/\/manega.net\/wp-content\/uploads\/2020\/01\/kumiuugu.gif 145w, https:\/\/manega.net\/wp-content\/uploads\/2020\/01\/kumiuugu-100x100.gif 100w\" sizes=\"auto, (max-width: 145px) 100vw, 145px\" \/><\/strong><\/h3>\n<p>Le KOUN-MIOUGOU est la mort accidentelle, mais il s\u2019agit de toute mort qui n\u2019est pas le fait de la nature. Ainsi un assassinat, un coup de foudre, une mort pendant la guerre, un suicide constituent ce qu\u2019on appelle la mort rouge, c\u2019est-\u00e0-dire la mort sang.<\/p>\n<p>&nbsp;<\/p>\n<p>&nbsp;<\/p>\n<p>Au moment o\u00f9 nous publions nos travaux sur les Signes de la Souris, qui correspond au 14\u00e8 Festival Panafricain du Cin\u00e9ma de Ouagadougou (FESPACO) et 100\u00e8 anniversaire du cin\u00e9ma, nous constatons que ce sont nos signes du Yongr Bagr\u00e9 (les signes de la souris) qui ont \u00e9t\u00e9 pris pour confectionner les tissus, les habillements et modes divers ainsi que les ouvrages de cette plus grande manifestation continentale du cin\u00e9ma. Ces signes \u00e9galement tapissent divers mobiliers de classes pour proposer un autre mode de vie des familles marqu\u00e9es par la culture.<\/p>\n<p>Plusieurs mod\u00e8les de grands couturiers du continent, les utilisent lors de concours et d\u00e9fil\u00e9s de mode.<\/p>\n<p>Pour plus de d\u00e9tails sur le YONGR BAGRE, voir l'ouvrage \"<strong>YONGR BAGRE ou LES SIGNES DE LA SOURIS<\/strong>\" dans la collection \"<strong>Le Mus\u00e9e expliqu\u00e9<\/strong>\".<\/p>\n<\/div>\n<\/div><\/div><\/div><\/div><\/div>","protected":false},"excerpt":{"rendered":"<p>Le YONGR-BAGRE, en traduction litt\u00e9rale \u00ab\u00a0la mani\u00e8re de deviner par la Souris\u00a0\u00bb est une mani\u00e8re d\u2019interpr\u00e9ter l\u2019invisible. En Occident, malgr\u00e9 la d\u00e9couverte des sciences, malgr\u00e9 DESCARTES et l\u2019ordinateur pr\u00e9sent, l\u2019homme continue de croire qu\u2019il y a un myst\u00e8re \u00e0 toujours percer, parce qu&rsquo;effectivement, plus la science avance par des d\u00e9couvertes, plus il s\u2019av\u00e8re et se r\u00e9v\u00e8le des zones d\u2019ombre. C\u2019est pour cela qu\u2019il continue d\u2019y persister des m\u00e9thodes, des modes pour interpr\u00e9ter l\u2019insondable. Nous y dec\u00e9lons en particulier la giromancie, la cartomacie, les marques de caf\u00e9 et surtout l\u2019astrologie. Un peu partout dans le monde, chaque peuple a ses m\u00e9thodes mystiques d\u2019investigation du monde pr\u00e9sent, pass\u00e9 \u00e0 venir et surtout le monde de l\u2019inconnu. En Afrique, particuli\u00e8rement au Burkina Faso, il existe plusieurs modes utilis\u00e9s par des hommes appel\u00e9s sur le plateau central particuli\u00e8rement de Man\u00e9ga les \u00a0\u00bb BAGBA \u00a0\u00bb ou \u00a0\u00bb DEVINS \u00ab\u00a0. Il s\u2019agit pour le milieu de pr\u00eatres utilisant une science certes occulte pour les autres, mais exacte pour les int\u00e9ress\u00e9s. Sur le plateau central du Burkina Faso, outre les cauris qui sont utilis\u00e9es ou aussi le sable surtout utilis\u00e9 dans la r\u00e9gion de Fada N\u2019Gourma \u00e0 l\u2019Est ou autres m\u00e9thodes, il se r\u00e9pand les modes tels que l\u2019utilisation des cauris. Le Devin jette ses cauris apr\u00e8s certaines incantations ou conventions pr\u00e9alables en fait d\u00e9termin\u00e9es depuis des si\u00e8cles et en fonction de la position des cauris, il dit l\u2019interpr\u00e9tation des ph\u00e9nom\u00e8nes en pr\u00e9sence pour lesquels consultation lui a \u00e9t\u00e9 demand\u00e9e. Chez les Moos\u00e9 du plateau central, il s\u2019est d\u00e9velopp\u00e9 d\u2019autres m\u00e9thodes. C\u2019est par exemple le \u00a0\u00bb KOOM-BAGRE \u00a0\u00bb ou m\u00e9thode de deviner par l\u2019eau. Il y a le \u00ab\u00a0PILIMPI-BAGRE\u00a0\u00bb ou m\u00e9thode de deviner par les papillons. En fait il s\u2019agit ici d\u2019une sorte de van utilis\u00e9 et pouvant entra\u00eener des effets indicateurs et interpr\u00e9tatifs de situations. Pour les situations graves telles que portant sur la mort, il y a des m\u00e9thodes qualifi\u00e9es aujourd\u2019hui de sorcellerie ; c\u2019est le cas de l\u2019interrogatoire rituel des cadavres. Ou d\u2019autres m\u00e9thodes telles que le SEONGO. Mais pour la vie courante, un mode de sondage ou d\u2019interpr\u00e9tation de l\u2019invisible est utilis\u00e9 surtout dans la r\u00e9gion Nord-Ouest de Ouagadougou ; sur une couverture allant jusqu\u2019\u00e0 une cinquantaine ou centaine de kilom\u00e8tres au Nord de Ouagadougou. C\u2019est le YONGR BAGRE ou mani\u00e8re de deviner par la souris. QUELQUES SIGNES ET LEUR EXPLICATION &nbsp; A ZIID WENDE (Dieu ZIDA) Pour ce signe bien vouloir se rapporter \u00e0 mon ouvrage, \u00a0\u00bb MANEGA, HISTOIRE ET MUSEE \u00ab\u00a0. ZIDA a fait l\u2019objet de grands d\u00e9veloppements. Signalons que ZIDA est un interm\u00e9diaire entre Dieu et les Hommes. Certains le consid\u00e8rent comme Dieu. Mais pour la grande majorit\u00e9 c\u2019est l\u2019interm\u00e9diaire n\u00e9cessaire par lequel on passe pour atteindre Dieu. Le signe de ZIID WENDE est le signe de Dieu. C\u2019est la r\u00e9f\u00e9rence supr\u00eame. S\u2019adresser \u00e0 lui c\u2019est vraiment pour une situation d\u2019extr\u00eame gravit\u00e9.Notons que quand certains ne croient plus aux principes fondamentaux de l\u2019existence, si la souris passe sur ce signe c\u2019est pour rappeler \u00e0 l\u2019homme qu\u2019il ne doit pas oublier l\u2019existence d\u2019un cr\u00e9ateur supr\u00eame. Signalons que les sept points ou petits cercles qui entourent le disque repr\u00e9sentent des galettes n\u00e9cessaires [&hellip;]<\/p>\n","protected":false},"author":1,"featured_media":1023,"parent":0,"menu_order":0,"comment_status":"closed","ping_status":"closed","template":"","meta":{"footnotes":""},"class_list":["post-1022","page","type-page","status-publish","has-post-thumbnail","hentry"],"_links":{"self":[{"href":"https:\/\/manega.net\/index.php\/wp-json\/wp\/v2\/pages\/1022","targetHints":{"allow":["GET"]}}],"collection":[{"href":"https:\/\/manega.net\/index.php\/wp-json\/wp\/v2\/pages"}],"about":[{"href":"https:\/\/manega.net\/index.php\/wp-json\/wp\/v2\/types\/page"}],"author":[{"embeddable":true,"href":"https:\/\/manega.net\/index.php\/wp-json\/wp\/v2\/users\/1"}],"replies":[{"embeddable":true,"href":"https:\/\/manega.net\/index.php\/wp-json\/wp\/v2\/comments?post=1022"}],"version-history":[{"count":33,"href":"https:\/\/manega.net\/index.php\/wp-json\/wp\/v2\/pages\/1022\/revisions"}],"predecessor-version":[{"id":1064,"href":"https:\/\/manega.net\/index.php\/wp-json\/wp\/v2\/pages\/1022\/revisions\/1064"}],"wp:featuredmedia":[{"embeddable":true,"href":"https:\/\/manega.net\/index.php\/wp-json\/wp\/v2\/media\/1023"}],"wp:attachment":[{"href":"https:\/\/manega.net\/index.php\/wp-json\/wp\/v2\/media?parent=1022"}],"curies":[{"name":"wp","href":"https:\/\/api.w.org\/{rel}","templated":true}]}}