{"id":1146,"date":"2020-01-04T02:04:56","date_gmt":"2020-01-04T01:04:56","guid":{"rendered":"https:\/\/manega.net\/?page_id=1146"},"modified":"2020-01-04T02:10:49","modified_gmt":"2020-01-04T01:10:49","slug":"habitat-peul","status":"publish","type":"page","link":"https:\/\/manega.net\/index.php\/habitat-peul\/","title":{"rendered":"Habitat Peul"},"content":{"rendered":"<div id=\"pl-1146\"  class=\"panel-layout\" ><div id=\"pg-1146-0\"  class=\"panel-grid panel-no-style\" ><div id=\"pgc-1146-0-0\"  class=\"panel-grid-cell\" ><div id=\"panel-1146-0-0-0\" class=\"so-panel widget widget_sow-editor panel-first-child panel-last-child\" data-index=\"0\" ><div\n\t\t\t\n\t\t\tclass=\"so-widget-sow-editor so-widget-sow-editor-base\"\n\t\t\t\n\t\t>\n<div class=\"siteorigin-widget-tinymce textwidget\">\n\t<p>Il faut savoir que les peul sont un peuple de nomades au m\u00eame titre que les touaregs. Etant en perp\u00e9tuel mouvement, tout doit \u00eatre d\u00e9plac\u00e9 souvent sur des distances fort longues. D\u2019o\u00f9 la n\u00e9cessit\u00e9 d\u2019avoir des \u00e9l\u00e9ments l\u00e9gers de la vie traditionnelle. Nous disons l\u00e9gers c\u2019est-\u00e0-dire peu encombrants.<\/p>\n<h3><strong>La case peul<\/strong><\/h3>\n<p><img loading=\"lazy\" decoding=\"async\" width=\"615\" height=\"285\" class=\"size-full wp-image-1150 aligncenter\" src=\"https:\/\/manega.net\/wp-content\/uploads\/2020\/01\/habpeul1.jpg\" alt=\"\" srcset=\"https:\/\/manega.net\/wp-content\/uploads\/2020\/01\/habpeul1.jpg 615w, https:\/\/manega.net\/wp-content\/uploads\/2020\/01\/habpeul1-300x139.jpg 300w\" sizes=\"auto, (max-width: 615px) 100vw, 615px\" \/><br \/>\nL\u2019habitat peul du Mus\u00e9e de Man\u00e9ga a \u00e9t\u00e9 construit par le chef peul de la r\u00e9gion du Houet (ouest du Burkina Faso) en communaut\u00e9 avec des membres de ses origines de la r\u00e9gion du S\u00e9no (Dori). Plusieurs pi\u00e8ces ont dues parcourir <strong>2500 km<\/strong> en provenance d\u2019origine lointaine pour arriver \u00e0 Man\u00e9ga.<\/p>\n<p>L\u2019habitat lui-m\u00eame est en secco (paille) soutenu par des branches de bois. Le sol est tapiss\u00e9 de sable conform\u00e9ment au milieu culturel des peuls.<\/p>\n<p>Sur les principes de l\u2019habitat peul, il y a lieu de relever que les peuls comme les touaregs sont un peuple nomade. L\u2019habitat est donc sommaire, pr\u00e9caire et constitue m\u00eame s\u2019il est unique tout l\u2019univers de la communaut\u00e9, laquelle est en g\u00e9n\u00e9rale tr\u00e8s r\u00e9duite.<\/p>\n<p>La case est donc tout l\u2019univers de la vie communautaire des peuls. Il y a d\u2019abord le lit pour le s\u00e9jour ; celui-ci est \u00e0 \u00e9tage et toute la communaut\u00e9 doit pouvoir y vivre.<\/p>\n<p>Au bas \u00e9tage, c\u2019est pour le p\u00e8re et la m\u00e8re. L\u2019\u00e9tage est r\u00e9serv\u00e9 aux enfants. La partie r\u00e9serv\u00e9e au p\u00e8re et \u00e0 la m\u00e8re est tapiss\u00e9e de nattes richement d\u00e9cor\u00e9es ; dans ce milieu il n\u2019y a pas de matelas. Plus un homme aime sa femme, plus il y a de nattes.<\/p>\n<p>Le chef de famille de l\u2019habitat peul du Mus\u00e9e de Man\u00e9ga aime particuli\u00e8rement sa femme\u2026<\/p>\n<p>La case (l\u2019habitat peul) constitue par ailleurs en m\u00eame temps la cuisine. On remarquera le foyer de cuisine \u00e0 droite \u00e0 l\u2019entr\u00e9e ainsi que les diff\u00e9rents ustensiles n\u00e9cessaires.<\/p>\n<p>La case peul (l\u2019habitat peul) constitue \u00e9galement le lieu de travail particuli\u00e8rement de la femme. Ainsi il existe tous les \u00e9l\u00e9ments pour traire les vaches de lait quotidien et la confection de beurre. Il est ainsi des gobelets en bois et plusieurs r\u00e9cipients pour ce mode de travail.<\/p>\n<p>La case peul (l\u2019habitat peul) constitue aussi le centre commercial. C\u2019est ainsi qu\u2019il y a plus de 75 calebasses, gourdes, vans pour le commerce li\u00e9 \u00e0 la vie des peuls.<\/p>\n<h3><strong>Les accessoires peul<\/strong><\/h3>\n<p><img loading=\"lazy\" decoding=\"async\" width=\"317\" height=\"282\" class=\"size-full wp-image-1149 aligncenter\" src=\"https:\/\/manega.net\/wp-content\/uploads\/2020\/01\/vanpeul.jpg\" alt=\"\" srcset=\"https:\/\/manega.net\/wp-content\/uploads\/2020\/01\/vanpeul.jpg 317w, https:\/\/manega.net\/wp-content\/uploads\/2020\/01\/vanpeul-300x267.jpg 300w\" sizes=\"auto, (max-width: 317px) 100vw, 317px\" \/><br \/>\nLes canaris pour l\u2019eau potable ; le lieu pour faire la cuisine ; les diff\u00e9rentes calebasses avec les louches (cuill\u00e8res des traditions) avec les vans pour les protections et les couvertures, avec des sortes de brocs pour pouvoir traire le lait.<\/p>\n<h3><strong>Le lit peul est \u00e0 \u00e9tage<\/strong><\/h3>\n<p><img loading=\"lazy\" decoding=\"async\" width=\"500\" height=\"196\" class=\"size-full wp-image-1148 aligncenter\" src=\"https:\/\/manega.net\/wp-content\/uploads\/2020\/01\/litparent_peul.jpg\" alt=\"\" srcset=\"https:\/\/manega.net\/wp-content\/uploads\/2020\/01\/litparent_peul.jpg 500w, https:\/\/manega.net\/wp-content\/uploads\/2020\/01\/litparent_peul-300x118.jpg 300w\" sizes=\"auto, (max-width: 500px) 100vw, 500px\" \/><br \/>\nAu rez-de-chauss\u00e9e, c\u2019est le couple. Le nombre de nattes d\u00e9termine le degr\u00e9 d\u2019affection \u00e0 l\u2019int\u00e9rieur du couple. Les bois sont stylis\u00e9s avec souvent le symbole de la maternit\u00e9 qu\u2019on souhaite au couple.<\/p>\n<p><img loading=\"lazy\" decoding=\"async\" width=\"323\" height=\"221\" class=\"size-full wp-image-1147 aligncenter\" src=\"https:\/\/manega.net\/wp-content\/uploads\/2020\/01\/litenf_peul.jpg\" alt=\"\" srcset=\"https:\/\/manega.net\/wp-content\/uploads\/2020\/01\/litenf_peul.jpg 323w, https:\/\/manega.net\/wp-content\/uploads\/2020\/01\/litenf_peul-300x205.jpg 300w\" sizes=\"auto, (max-width: 323px) 100vw, 323px\" \/><br \/>\nA l\u2019\u00e9tage, ce sont les enfants qui dorment sur le lit sup\u00e9rieur.<\/p>\n<\/div>\n<\/div><\/div><\/div><\/div><\/div>","protected":false},"excerpt":{"rendered":"<p>Il faut savoir que les peul sont un peuple de nomades au m\u00eame titre que les touaregs. Etant en perp\u00e9tuel mouvement, tout doit \u00eatre d\u00e9plac\u00e9 souvent sur des distances fort longues. D\u2019o\u00f9 la n\u00e9cessit\u00e9 d\u2019avoir des \u00e9l\u00e9ments l\u00e9gers de la vie traditionnelle. Nous disons l\u00e9gers c\u2019est-\u00e0-dire peu encombrants. La case peul L\u2019habitat peul du Mus\u00e9e de Man\u00e9ga a \u00e9t\u00e9 construit par le chef peul de la r\u00e9gion du Houet (ouest du Burkina Faso) en communaut\u00e9 avec des membres de ses origines de la r\u00e9gion du S\u00e9no (Dori). Plusieurs pi\u00e8ces ont dues parcourir 2500 km en provenance d\u2019origine lointaine pour arriver \u00e0 Man\u00e9ga. L\u2019habitat lui-m\u00eame est en secco (paille) soutenu par des branches de bois. Le sol est tapiss\u00e9 de sable conform\u00e9ment au milieu culturel des peuls. Sur les principes de l\u2019habitat peul, il y a lieu de relever que les peuls comme les touaregs sont un peuple nomade. L\u2019habitat est donc sommaire, pr\u00e9caire et constitue m\u00eame s\u2019il est unique tout l\u2019univers de la communaut\u00e9, laquelle est en g\u00e9n\u00e9rale tr\u00e8s r\u00e9duite. La case est donc tout l\u2019univers de la vie communautaire des peuls. Il y a d\u2019abord le lit pour le s\u00e9jour ; celui-ci est \u00e0 \u00e9tage et toute la communaut\u00e9 doit pouvoir y vivre. Au bas \u00e9tage, c\u2019est pour le p\u00e8re et la m\u00e8re. L\u2019\u00e9tage est r\u00e9serv\u00e9 aux enfants. La partie r\u00e9serv\u00e9e au p\u00e8re et \u00e0 la m\u00e8re est tapiss\u00e9e de nattes richement d\u00e9cor\u00e9es ; dans ce milieu il n\u2019y a pas de matelas. Plus un homme aime sa femme, plus il y a de nattes. Le chef de famille de l\u2019habitat peul du Mus\u00e9e de Man\u00e9ga aime particuli\u00e8rement sa femme\u2026 La case (l\u2019habitat peul) constitue par ailleurs en m\u00eame temps la cuisine. On remarquera le foyer de cuisine \u00e0 droite \u00e0 l\u2019entr\u00e9e ainsi que les diff\u00e9rents ustensiles n\u00e9cessaires. La case peul (l\u2019habitat peul) constitue \u00e9galement le lieu de travail particuli\u00e8rement de la femme. Ainsi il existe tous les \u00e9l\u00e9ments pour traire les vaches de lait quotidien et la confection de beurre. Il est ainsi des gobelets en bois et plusieurs r\u00e9cipients pour ce mode de travail. La case peul (l\u2019habitat peul) constitue aussi le centre commercial. C\u2019est ainsi qu\u2019il y a plus de 75 calebasses, gourdes, vans pour le commerce li\u00e9 \u00e0 la vie des peuls. Les accessoires peul Les canaris pour l\u2019eau potable ; le lieu pour faire la cuisine ; les diff\u00e9rentes calebasses avec les louches (cuill\u00e8res des traditions) avec les vans pour les protections et les couvertures, avec des sortes de brocs pour pouvoir traire le lait. Le lit peul est \u00e0 \u00e9tage Au rez-de-chauss\u00e9e, c\u2019est le couple. Le nombre de nattes d\u00e9termine le degr\u00e9 d\u2019affection \u00e0 l\u2019int\u00e9rieur du couple. Les bois sont stylis\u00e9s avec souvent le symbole de la maternit\u00e9 qu\u2019on souhaite au couple. A l\u2019\u00e9tage, ce sont les enfants qui dorment sur le lit sup\u00e9rieur.<\/p>\n","protected":false},"author":1,"featured_media":1148,"parent":0,"menu_order":0,"comment_status":"closed","ping_status":"closed","template":"","meta":{"footnotes":""},"class_list":["post-1146","page","type-page","status-publish","has-post-thumbnail","hentry"],"_links":{"self":[{"href":"https:\/\/manega.net\/index.php\/wp-json\/wp\/v2\/pages\/1146","targetHints":{"allow":["GET"]}}],"collection":[{"href":"https:\/\/manega.net\/index.php\/wp-json\/wp\/v2\/pages"}],"about":[{"href":"https:\/\/manega.net\/index.php\/wp-json\/wp\/v2\/types\/page"}],"author":[{"embeddable":true,"href":"https:\/\/manega.net\/index.php\/wp-json\/wp\/v2\/users\/1"}],"replies":[{"embeddable":true,"href":"https:\/\/manega.net\/index.php\/wp-json\/wp\/v2\/comments?post=1146"}],"version-history":[{"count":5,"href":"https:\/\/manega.net\/index.php\/wp-json\/wp\/v2\/pages\/1146\/revisions"}],"predecessor-version":[{"id":1163,"href":"https:\/\/manega.net\/index.php\/wp-json\/wp\/v2\/pages\/1146\/revisions\/1163"}],"wp:featuredmedia":[{"embeddable":true,"href":"https:\/\/manega.net\/index.php\/wp-json\/wp\/v2\/media\/1148"}],"wp:attachment":[{"href":"https:\/\/manega.net\/index.php\/wp-json\/wp\/v2\/media?parent=1146"}],"curies":[{"name":"wp","href":"https:\/\/api.w.org\/{rel}","templated":true}]}}