{"id":1155,"date":"2020-01-04T02:10:14","date_gmt":"2020-01-04T01:10:14","guid":{"rendered":"https:\/\/manega.net\/?page_id=1155"},"modified":"2020-01-04T02:10:14","modified_gmt":"2020-01-04T01:10:14","slug":"habitat-bobo","status":"publish","type":"page","link":"https:\/\/manega.net\/index.php\/habitat-bobo\/","title":{"rendered":"Habitat Bobo"},"content":{"rendered":"<div id=\"pl-1155\"  class=\"panel-layout\" ><div id=\"pg-1155-0\"  class=\"panel-grid panel-no-style\" ><div id=\"pgc-1155-0-0\"  class=\"panel-grid-cell\" ><div id=\"panel-1155-0-0-0\" class=\"so-panel widget widget_sow-editor panel-first-child panel-last-child\" data-index=\"0\" ><div\n\t\t\t\n\t\t\tclass=\"so-widget-sow-editor so-widget-sow-editor-base\"\n\t\t\t\n\t\t>\n<div class=\"siteorigin-widget-tinymce textwidget\">\n\t<p>Le peuple MADARE ou dans l\u2019expression courante de nos jours \" <strong>Bobo<\/strong> \", s\u2019est install\u00e9 par vagues et migrations successives entre le X\u00e8 et le XVIII\u00e8 si\u00e8cle.<\/p>\n<p>La premi\u00e8re fut du Mand\u00e9 \u00e0 Timina, une vingtaine de kilom\u00e8tres \u00e0 l\u2019est de Bobo Dioulasso actuel. Le territoire qui accueille le peuple s\u2019\u00e9tend sur 120 km du nord au sud et 50 \u00e0 80 km d\u2019est en ouest ; l\u2019ethnie s\u2019\u00e9tend m\u00eame au nord et plusieurs familles sont r\u00e9parties entre le Mali et le Burkina. La population est estim\u00e9e \u00e0 environ 200 000 \u00e2mes r\u00e9parties sur 117 villages.<\/p>\n<p style=\"text-align: center;\"><img loading=\"lazy\" decoding=\"async\" width=\"400\" height=\"210\" class=\"size-full wp-image-1156 aligncenter\" src=\"https:\/\/manega.net\/wp-content\/uploads\/2020\/01\/habitatbobo.gif\" alt=\"\"\/><br \/>\n<em>Habitat Bobo dans le Mus\u00e9e de Man\u00e9ga.<\/em><br \/>\n<em>Cet habitat est \u00e0 \u00e9tage comme il en existe dans le milieu traditionnel.<\/em><br \/>\n<em>(A gauche, une \u00e9chelle qui conduit \u00e0 la chambre du chef de famille ; A droite, un autel sacr\u00e9.)<\/em><\/p>\n<p style=\"text-align: center;\"><img loading=\"lazy\" decoding=\"async\" width=\"400\" height=\"212\" class=\"size-full wp-image-1158 aligncenter\" src=\"https:\/\/manega.net\/wp-content\/uploads\/2020\/01\/chbrecheffamille.gif\" alt=\"\"\/><em>Chambre du chef de famille<\/em><\/p>\n<p><img loading=\"lazy\" decoding=\"async\" width=\"450\" height=\"231\" class=\"size-full wp-image-1157 aligncenter\" src=\"https:\/\/manega.net\/wp-content\/uploads\/2020\/01\/cbrefemme.jpg\" alt=\"\" srcset=\"https:\/\/manega.net\/wp-content\/uploads\/2020\/01\/cbrefemme.jpg 450w, https:\/\/manega.net\/wp-content\/uploads\/2020\/01\/cbrefemme-300x154.jpg 300w\" sizes=\"auto, (max-width: 450px) 100vw, 450px\" \/><br \/>\nL\u2019habitat Bobo du Mus\u00e9e de Man\u00e9ga, construit par les architectes du milieu traditionnel de Koumi respecte tous les principes sacr\u00e9s de la construction Bobo.<\/p>\n<p>Pour plus de d\u00e9tail, voir l'ouvrage \"<strong>L'Habitat Bobo<\/strong>\" dans la Collection \"<strong>Le Mus\u00e9e Expliqu\u00e9<\/strong>\".<\/p>\n<\/div>\n<\/div><\/div><\/div><\/div><\/div>","protected":false},"excerpt":{"rendered":"<p>Le peuple MADARE ou dans l\u2019expression courante de nos jours \u00a0\u00bb Bobo \u00ab\u00a0, s\u2019est install\u00e9 par vagues et migrations successives entre le X\u00e8 et le XVIII\u00e8 si\u00e8cle. La premi\u00e8re fut du Mand\u00e9 \u00e0 Timina, une vingtaine de kilom\u00e8tres \u00e0 l\u2019est de Bobo Dioulasso actuel. Le territoire qui accueille le peuple s\u2019\u00e9tend sur 120 km du nord au sud et 50 \u00e0 80 km d\u2019est en ouest ; l\u2019ethnie s\u2019\u00e9tend m\u00eame au nord et plusieurs familles sont r\u00e9parties entre le Mali et le Burkina. La population est estim\u00e9e \u00e0 environ 200 000 \u00e2mes r\u00e9parties sur 117 villages. Habitat Bobo dans le Mus\u00e9e de Man\u00e9ga. Cet habitat est \u00e0 \u00e9tage comme il en existe dans le milieu traditionnel. (A gauche, une \u00e9chelle qui conduit \u00e0 la chambre du chef de famille ; A droite, un autel sacr\u00e9.) Chambre du chef de famille L\u2019habitat Bobo du Mus\u00e9e de Man\u00e9ga, construit par les architectes du milieu traditionnel de Koumi respecte tous les principes sacr\u00e9s de la construction Bobo. Pour plus de d\u00e9tail, voir l&rsquo;ouvrage \u00ab\u00a0L&rsquo;Habitat Bobo\u00a0\u00bb dans la Collection \u00ab\u00a0Le Mus\u00e9e Expliqu\u00e9\u00a0\u00bb.<\/p>\n","protected":false},"author":1,"featured_media":1156,"parent":0,"menu_order":0,"comment_status":"closed","ping_status":"closed","template":"","meta":{"footnotes":""},"class_list":["post-1155","page","type-page","status-publish","has-post-thumbnail","hentry"],"_links":{"self":[{"href":"https:\/\/manega.net\/index.php\/wp-json\/wp\/v2\/pages\/1155","targetHints":{"allow":["GET"]}}],"collection":[{"href":"https:\/\/manega.net\/index.php\/wp-json\/wp\/v2\/pages"}],"about":[{"href":"https:\/\/manega.net\/index.php\/wp-json\/wp\/v2\/types\/page"}],"author":[{"embeddable":true,"href":"https:\/\/manega.net\/index.php\/wp-json\/wp\/v2\/users\/1"}],"replies":[{"embeddable":true,"href":"https:\/\/manega.net\/index.php\/wp-json\/wp\/v2\/comments?post=1155"}],"version-history":[{"count":4,"href":"https:\/\/manega.net\/index.php\/wp-json\/wp\/v2\/pages\/1155\/revisions"}],"predecessor-version":[{"id":1162,"href":"https:\/\/manega.net\/index.php\/wp-json\/wp\/v2\/pages\/1155\/revisions\/1162"}],"wp:featuredmedia":[{"embeddable":true,"href":"https:\/\/manega.net\/index.php\/wp-json\/wp\/v2\/media\/1156"}],"wp:attachment":[{"href":"https:\/\/manega.net\/index.php\/wp-json\/wp\/v2\/media?parent=1155"}],"curies":[{"name":"wp","href":"https:\/\/api.w.org\/{rel}","templated":true}]}}